6591?
2161, 373631
What are the prime factors of 2530659929?
7, 51646121
List the prime factors of 19735057.
157, 337, 373
What are the prime factors of 28811857?
151, 190807
List the prime factors of 410741224.
2, 79, 649907
List the prime factors of 29734036.
2, 7433509
What are the prime factors of 71044120?
2, 5, 7, 67, 541
List the prime factors of 240464741.
11, 19, 883, 1303
What are the prime factors of 3612095326?
2, 7, 37, 41, 53, 3209
What are the prime factors of 173623392?
2, 3, 103, 1951
List the prime factors of 23527536.
2, 3, 43, 11399
List the prime factors of 2895576845.
5, 7, 809, 2087
What are the prime factors of 24783693?
3, 11, 751021
What are the prime factors of 2769158746?
2, 59, 23467447
List the prime factors of 307763751.
3, 83, 1235999
What are the prime factors of 99822668?
2, 11, 23, 98639
List the prime factors of 3975104704.
2, 29, 31, 59, 1171
What are the prime factors of 58514432?
2, 57143
What are the prime factors of 46556092?
2, 11, 1058093
What are the prime factors of 11556686?
2, 701, 8243
List the prime factors of 39791427.
3, 13, 1020293
List the prime factors of 1648089120.
2, 3, 5, 547, 6277
What are the prime factors of 400666929?
3, 13, 29, 354259
What are the prime factors of 70251314?
2, 7, 5017951
List the prime factors of 132924865.
5, 3307, 8039
List the prime factors of 51079438.
2, 25539719
List the prime factors of 21508395.
3, 5, 41, 853
What are the prime factors of 20294447?
17, 70223
List the prime factors of 435660184.
2, 6379, 8537
List the prime factors of 2565487060.
2, 5, 128274353
What are the prime factors of 277346223?
3, 7, 11, 57173
List the prime factors of 90199396.
2, 7, 29, 2267
What are the prime factors of 21782923?
21782923
List the prime factors of 183359846.
2, 59, 1553897
List the prime factors of 79134269.
17, 273821
List the prime factors of 117115434.
2, 3, 37, 41, 4289
List the prime factors of 541140901.
7, 1543, 50101
List the prime factors of 178469207.
7, 1553, 16417
What are the prime factors of 61193313?
3, 755473
What are the prime factors of 314065493?
7, 919, 48821
What are the prime factors of 3196999805?
5, 41, 67, 137, 1699
What are the prime factors of 17651467?
101, 174767
What are the prime factors of 16011921?
3, 5337307
What are the prime factors of 277589400?
2, 3, 5, 11, 137, 307
What are the prime factors of 254210797?
43, 67, 88237
List the prime factors of 217746556.
2, 647, 84137
What are the prime factors of 24594261?
3, 8198087
What are the prime factors of 10013314?
2, 5006657
What are the prime factors of 27569867?
13, 131, 16189
What are the prime factors of 725818185?
3, 5, 977, 5503
What are the prime factors of 32779900?
2, 5, 327799
List the prime factors of 5182808668.
2, 3643, 355669
List the prime factors of 19095813.
3, 11, 192887
List the prime factors of 65072828.
2, 607, 26801
List the prime factors of 4613078492.
2, 11, 104842693
List the prime factors of 87015608.
2, 10876951
List the prime factors of 109526190.
2, 3, 5, 1123, 3251
What are the prime factors of 283155382?
2, 141577691
What are the prime factors of 80475735?
3, 5, 19, 23, 12277
List the prime factors of 607778647.
7, 59, 1471619
What are the prime factors of 156482055?
3, 5, 151, 23029
What are the prime factors of 2989296233?
7, 11, 383, 101363
What are the prime factors of 1167402990?
2, 3, 5, 13, 230257
What are the prime factors of 163578842?
2, 7, 11684203
What are the prime factors of 43000137?
3, 4777793
List the prime factors of 1529188875.
3, 5, 19, 7949
List the prime factors of 423209866.
2, 17, 732197
What are the prime factors of 91813745?
5, 18362749
List the prime factors of 1298707124.
2, 11, 13, 53, 42839
List the prime factors of 50526087.
3, 16842029
List the prime factors of 3006955310.
2, 5, 67, 683, 6571
What are the prime factors of 268849370?
2, 5, 3389, 7933
What are the prime factors of 74324765?
5, 17, 874409
List the prime factors of 65419520.
2, 5, 51109
What are the prime factors of 4502789318?
2, 127, 199, 89083
List the prime factors of 241966156.
2, 60491539
List the prime factors of 54429982.
2, 211, 128981
List the prime factors of 1448564465.
5, 19, 53, 173, 1663
What are the prime factors of 2822569552?
2, 11, 61, 283, 929
What are the prime factors of 196938006?
2, 3, 23, 41, 34807
List the prime factors of 1039059083.
1039059083
What are the prime factors of 224655463?
103, 853, 2557
List the prime factors of 970765759.
83, 719, 16267
What are the prime factors of 1418904586?
2, 11, 3613, 17851
What are the prime factors of 116998547?
116998547
List the prime factors of 1120472671.
1120472671
List the prime factors of 162399511.
197, 691, 1193
What are the prime factors of 90190875?
3, 5, 240509
What are the prime factors of 14698463?
13, 1130651
List the prime factors of 395597951.
7, 79, 109, 6563
What are the prime factors of 425125595?
5, 787, 108037
What are the prime factors of 142777394?
2, 5879, 12143
List the prime factors of 43086276.
2, 3, 223, 1789
What are the prime factors of 85970937?
3, 13, 2204383
What are the prime factors of 36514146?
2, 3, 6085691
List the prime factors of 46614878.
2, 53, 439763
What are the prime factors of 954364426?
2, 2311, 206483
What are the prime factors of 65273947?
65273947
List the prime factors of 50787518.
2, 25393759
What are the prime factors of 145912856?
2, 19, 959953
List the prime factors of 692477204.
2, 3169, 54629
What are the prime factors of 1011998742?
2, 3, 359, 469823
What are the prime factors of 35080061?
17, 19, 67, 1621
What are the prime factors of 1426742885?
5, 7507, 38011
List the prime factors of 72197505.
3, 5, 1237, 1297
List the prime factors of 90718905.
3, 5, 269, 22483
List the prime factors of 1973094466.
2, 7, 379, 7589
What are the prime factors of 58907695?
5, 7, 11, 19, 8053
What are the prime factors of 54179405?
5, 7, 59, 26237
What are the prime factors of 200759945?
5, 4943, 8123
List the prime factors of 6492857.
7, 31, 29921
What are the prime factors of 23790553?
769, 30937
What are the prime factors of 128716527?
3, 61, 347, 2027
What are the prime factors of 2661358878?
2, 3, 147853271
What are the prime factors of 196317782?
2, 37, 2652943
What are the prime factors of 183382749?
3, 11, 23, 80537
What are the prime factors of 1375160225?
5, 23, 2391583
List the prime factors of 97855076.
2, 11, 223, 9973
What are the prime factors of 329176995?
3, 5, 7, 19, 165001
What are the prime factors of 184963323?
3, 1451, 42491
List the prime factors of 1911528637.
17, 227, 495343
What are the prime factors of 19417557?
3, 53, 97, 1259
What are the prime factors of 75891408?
2, 3, 1581071
List the prime factors of 143695164.
2, 3, 43, 278479
What are the prime factors of 4869829360?
2, 5, 11, 211, 26227
List the prime factors of 219832732.
2, 7, 677, 11597
What are the prime factors of 71426063?
23, 3105481
What are the prime factors of 99142536?
2, 3, 37, 97, 1151
List the prime factors of 24701473.
1249, 19777
List the prime factors of 51345617.
51345617
List the prime factors of 60297478.
2, 113, 479, 557
List the prime factors of 46486199.
46486199
List the prime factors of 127796152.
2, 11, 1452229
List the prime factors of 4395805203.
3, 113, 12966977
List the prime factors of 165700905.
3, 5, 1367, 8081
What are the prime factors of 567612516?
2, 3, 659, 71777
What are the prime factors of 75081948?
2, 3, 947, 6607
What are the prime factors of 673385759?
17, 109, 363403
List the prime factors of 102942835.
5, 103, 199889
What are the prime factors of 56795772?
2, 3, 11, 587, 733
List the prime factors of 3088791615.
3, 5, 7, 13, 2262851
List the prime factors of 1494410348.
2, 709, 526943
List the prime factors of 12535386.
2, 3, 2089231
What are the prime factors of 170610709?
19, 73, 123007
What are the prime factors of 2760984432?
2, 3, 19173503
List the prime factors of 266744171.
266744171
What are the prime factors of 7934200?
2, 5, 39671
List the prime factors of 370713889.
7, 13, 127, 32077
What are the prime factors of 3281267929?
23, 37, 3855779
What are the prime factors of 7362110481?
3, 11, 19, 11741803
List the prime factors of 3496922118.
2, 3, 7195313
What are the prime factors of 33000678?
2, 3, 31, 59